 -d - 5. List the prime factors of w(c).
2
Suppose -3*m + 4 = -3*b + 2*m, 2*b = 4*m - 4. Suppose r - 12 = -2*r, b*s + 5*r = 26. List the prime factors of s.
3
Suppose 0*b = b. Let v(m) = m - 2. Let o be v(b). Let j(w) = -w**3 - w**2 - 1. What are the prime factors of j(o)?
3
Suppose -f - 2 = 0, 2*f = 3*l - 0*f - 229. What are the prime factors of l?
3, 5
Let b be (72/(-32))/((-3)/(-8)). Let c(z) = -3*z - 2. List the prime factors of c(b).
2
Suppose -t = t - 4. Suppose -4*i - 18 = h, t*h - 3*i = 2*i + 29. List the prime factors of -2 + 11 + (2 - h).
3
Suppose -2*g = -4*a - 48, -2*a + a = 3*g - 44. What are the prime factors of g?
2
What are the prime factors of 78*(16/(-6) + 3)?
2, 13
Suppose 0 = 5*k + 5*p - 925, -3*p - 640 - 269 = -5*k. What are the prime factors of k?
3, 61
Let x = 21 + 65. Let d = 150 - x. Let i = d + -42. What are the prime factors of i?
2, 11
Let z = 59 + -46. List the prime factors of z.
13
Let r(y) = -y**3 - 5*y**2 + 6*y - 2. Let g be r(-6). Let l be 3/g*10/(-3). Suppose -l*t - 6 = -8*t. What are the prime factors of t?
2
Let h = 12 + -3. Let x(v) = -v**2 + 9*v - 3. Let k be x(h). List the prime factors of ((-6)/10)/(k/45).
3
Suppose 3*h + 3 = -0*h, 5*h = -b + 68. List the prime factors of b.
73
Let v = 208 + -123. What are the prime factors of v?
5, 17
Let g = 314 - 129. List the prime factors of g.
5, 37
Let w(l) = 8*l + 1. Let y = -6 - -5. Let p be ((-4 - -1)/y)/3. What are the prime factors of w(p)?
3
Let b = 139 + 29. List the prime factors of b.
2, 3, 7
Let g be (-31 - 0) + -1 + -2. What are the prime factors of (g/(-4))/(3/6)?
17
List the prime factors of 1*(0 + -4 + 180).
2, 11
Let r = -56 + 98. List the prime factors of r.
2, 3, 7
List the prime factors of 12/30*(-2)/(6/(-1845)).
2, 3, 41
Let l = -5 - -22. Suppose -5*u = 1 - 11, 5*u - l = b. Let y = -5 - b. What are the prime factors of y?
2
Suppose -q = 3*p - 20, 0 = -4*p - 4*q + 3*q + 27. List the prime factors of p.
7
Suppose 40*l - 35*l = 745. What are the prime factors of l?
149
Let m(l) = -2*l - 4. Let p be m(-3). Suppose p*t - 3*a = -15, 2*t + 2*a = -33 + 3. Let b = t + 21. List the prime factors of b.
3
Let y(f) = -f**3 - 13*f**2 + 24*f - 15. What are the prime factors of y(-15)?
3, 5
List the prime factors of 22/(-33) + 59/3.
19
Suppose -y + h = -52, -5*h - 12 = -2*h. What are the prime factors of y?
2, 3
What are the prime factors of (-3 - 2) + 4 - (-20 + -2)?
3, 7
Let i = -8 - -7. Let a(z) = -19*z**3 + 2*z**2 + 2*z + 1. Let u be a(i). Suppose -d - h = -u, 4*d = -2*h - h + 77. List the prime factors of d.
17
Suppose 350 = -2*q + 4*q. List the prime factors of q.
5, 7
Let h(x) = x**3 - 7*x**2 + 8*x - 4. Let l(j) = j**2 - 6*j - 11. Let d be l(8). Let n be h(d). Let m = n - -23. What are the prime factors of m?
3
Suppose 4 = 2*p - 0*p. What are the prime factors of (-3 + p)*-3 + 31?
2, 17
Suppose -168 = 4*y + 12. List the prime factors of ((-6)/18)/(1/y).
3, 5
Let r be -1 - 5/((-20)/36). Suppose -r*g + 318 + 2 = 0. What are the prime factors of g?
2, 5
Let u = 5 - -1. Let p = -3 + u. Suppose 3*g - 15 + p = 0. List the prime factors of g.
2
Suppose 3*p + 3 = -0. What are the prime factors of 12 - (-3 - (p + -1))?
13
Let y(r) = -r**2 - 14*r + 2. Let x be y(-12). Suppose f + 5*b = 6 + 13, x = f - 2*b. What are the prime factors of f?
2, 3
Let r be (-18)/15*(-10)/3. Suppose -5*n = -r*x - 5, 2*n + 1 + 14 = 5*x. List the prime factors of x.
5
Suppose 0 = 3*b - n - 32, -2*n = -b - 4*b + 54. Let f(k) = k**2 - 10*k + 4. List the prime factors of f(b).
2
What are the prime factors of 5/10 - (-99)/6?
17
Suppose -7*b - 5*u + 314 = -3*b, 4*b - 4*u - 332 = 0. What are the prime factors of b?
3
Suppose h - 2 - 7 = -x, -h = -4*x + 16. Let k = h + 2. Let m = k + 6. What are the prime factors of m?
2, 3
Let p(v) = -4*v**3 + v**2 + 2*v - 4. Let k be p(2). Let i = -42 - -27. Let n = i - k. What are the prime factors of n?
13
Let o(u) = -u**3 - 14*u**2 - 12*u - 11. What are the prime factors of o(-14)?
157
Suppose -y - 5*i - 20 = 0, -4*y + 5*i = -9*y. What are the prime factors of y?
5
Suppose 334*u - 180 = 332*u. List the prime factors of u.
2, 3, 5
Suppose -4*h = -211 - 89. Suppose -2*s - 2*r + h = 25, 75 = 3*s - 5*r. What are the prime factors of s?
5
Let k = -18 - -11. What are the prime factors of k*(-50)/(-28)*-4?
2, 5
Let w = 11 + -17. Let o(d) = d**2 + 3*d + 9. List the prime factors of o(w).
3
Let d(x) = 3*x**3 - 2*x**2 - 2. Suppose 0*v + v = 2. List the prime factors of d(v).
2, 7
Let n be 102/10 + (-2)/10. Let y(d) = -d**3 + 9*d**2 + 10*d + 3. List the prime factors of y(n).
3
Suppose -8*j = 2*j - 610. What are the prime factors of j?
61
Let v(u) = 0*u - 4 + 2*u**2 + 3*u**2 + u**3 + 2*u. Let q be v(-4). Suppose -4*w + 0*w - q*g + 24 = 0, 0 = 3*w + g - 16. List the prime factors of w.
5
Suppose -2*q - 32 = 2*q. Let w(d) = -4*d + 2. Let m be w(q). Let h = m - 23. List the prime factors of h.
11
Let j = 19 + -13. Suppose w = m + 7 + j, 2 = m. What are the prime factors of w?
3, 5
Suppose -39 = -5*k + 151. What are the prime factors of k?
2, 19
Let f = 114 + -73. Let w = 59 - f. What are the prime factors of w?
2, 3
Suppose 0*w + 5*w = -860. Let r = -113 - w. List the prime factors of r.
59
Suppose 8*s - 4*s - 100 = 0. Suppose 5*p = s, 3*w + 4 = 5*p - 0. Suppose 4*g + d - w - 16 = 0, -13 = -2*g - d. What are the prime factors of g?
5
Let q(l) = -2*l + 7 + 0*l - l**2 - 2*l. Let p be q(-5). Suppose 4*n + 3*s - 31 = 0, -p*n + 0*s - 4*s + 8 = 0. What are the prime factors of n?
2, 5
Suppose 3*a - 120 = -5*o, -3*o - 2*o + 3*a = -120. What are the prime factors of o?
2, 3
Suppose 3*q - 44 = 64. What are the prime factors of q?
2, 3
Let a(r) be the first derivative of -r**2/2 + 13*r - 5. What are the prime factors of a(-13)?
2, 13
Suppose -27 + 23 = -w. What are the prime factors of w?
2
Suppose -q = -2*y + 5, -y + 7*q - 3*q + 6 = 0. Let a(t) = -4*t + 2 + t**y + 4 - 1. List the prime factors of a(6).
17
Suppose -r = 4*r. Suppose -3*u + 2*u - 46 = -3*s, r = -4*s + 5*u + 65. What are the prime factors of s?
3, 5
Let p = -2 + 4. Suppose 4*l + 58 = p*k + 2*l, -2*k + 70 = 4*l. List the prime factors of k.
31
Let q(w) = w**3 + 7*w**2 - w - 5. Suppose 0*s - 50 = 5*v + 3*s, -5*v = -s + 30. Let o be q(v). Let r = 10 - o. List the prime factors of r.
2
Let c(y) be the third derivative of y**4/24 + 8*y**3/3 + y**2. Let v(g) = 12*g**3 + g**2 - g - 1. Let z be v(-1). List the prime factors of c(z).
5
Let f be 5*5/((-75)/18). Let y = f - -22. Suppose 4 = -4*a, -2*v + y = -3*a - a. List the prime factors of v.
2, 3
Suppose 111 = 5*o - 3*p, 0 = -p - p + 6. List the prime factors of o.
2, 3
Suppose -2*x + w + 11 - 1 = 0, 2*x - 5*w - 26 = 0. Suppose 0 = 4*h + v - 0*v - 21, 3*h = -3*v + 27. Suppose -x*a = -a - h. What are the prime factors of a?
2
Suppose 2*a = 3*o - 45, 5*o = -2*a + 43 + 16. Suppose o + 2 = u. What are the prime factors of u?
3, 5
Suppose 0 = 5*d + i - 6, 0 = -2*d + 3*d - i. Let b be -1*d - 18/(-3). Suppose -66 = -b*k - 3*w, 5*w - 16 - 18 = -2*k. What are the prime factors of k?
2, 3
Let h be (-5)/(-2)*(-4)/(-5). Let q = 9 - 6. Suppose -2*a - 2 = 8, -29 = -h*t + q*a. List the prime factors of t.
7
Let v(g) = -13*g**2 - 2*g - 2. Let r be v(-2). Let f = -35 - r. What are the prime factors of f?
3, 5
Suppose -6 = -h + 3*h. Let n be -10*(0 - (-2)/4). List the prime factors of (n/h)/((-3)/(-18)).
2, 5
Let h(f) = 2*f**2 + 9*f + 5. What are the prime factors of h(-7)?
2, 5
Suppose 8*n - 954 = 5*n. Suppose 6*k - n = -0*k. What are the prime factors of k?
53
Let s(n) = n + 3. Let u be s(5). Let k be 1 + u/(-2)*1. List the prime factors of (-1)/(-1) + k + 15.
13
List the prime factors of (-9)/((-27)/60) - -3.
23
Let d be (6 - -2)/(2/1). Suppose -d*h = -62 + 6. What are the prime factors of h?
2, 7
Suppose 2*l = 36 - 22. List the prime factors of l.
7
Let l be -2 - (2 + 12)/(-1). Suppose 0*m - 2*m = -8. Suppose -m*a + 16 = -l. What are the prime factors of a?
7
Suppose -3*k = 3*v - 153, 0 = 3*k + v - 0*v - 149. List the prime factors of k.
7
Let n = -24 + 26. Suppose -25 = -n*u - 19. What are the prime factors of u?
3
Suppose 7*z = 4*z - 12. Let n(q) = -q**2 - 6*q - 4. Let o be n(z). Suppose o*a - 3 = 3*a. List the prime factors of a.
3
Suppose 99 = -6*x + 1191. What are the prime f